{"id":145,"date":"2018-02-13T03:25:28","date_gmt":"2018-02-13T02:25:28","guid":{"rendered":"\/wp\/?page_id=145"},"modified":"2018-03-09T02:35:10","modified_gmt":"2018-03-09T01:35:10","slug":"vorstand","status":"publish","type":"page","link":"http:\/\/www.prokongoyalobi.de\/wp\/de\/der-verein\/vorstand\/","title":{"rendered":"Vorstand"},"content":{"rendered":"<p><a href=\"javascript:history.back()\"><img decoding=\"async\" src=\"\/wp\/wp-content\/uploads\/2018\/02\/bouton_backD.gif\" alt=\"Zur\u00fcck\"><\/a><\/p>\n<map name=\"Vorstand - Conseil directeur\">\n<area shape=\"circle\" coords=\"90,94,20\" href=\"#bild\" alt=\"Elisabeth Paul\" title=\"Elisabeth Paul\">\n<area shape=\"circle\" coords=\"145,75,20\" href=\"#bild\" alt=\">Dr. Willy Kuyitila&#8220; title=&#8220;Dr. Willy Kuyitila&#8220;><\/p>\n<area shape=\"circle\" coords=\"185,72,20\" href=\"#bild\" alt=\"Anne Kr\u00fcger\" title=\"Anne Kr\u00fcger\">\n<area shape=\"circle\" coords=\"248,66,20\" href=\"#bild\" alt=\"Manfred Paul\" title=\"Manfred Paul\">\n<area shape=\"circle\" coords=\"323,70,20\" href=\"backend\/\" alt=\"Arnold Schunck\" title=\"Arnold Schunck\">\n<area shape=\"circle\" coords=\"374,63,20\" href=\"#bild\" alt=\"Lilian Schmidt\" title=\"Lilian Schmidt\"><\/map>\n<\/p>\n<p align=\"center\"><a name=\"#bild\"><img loading=\"lazy\" decoding=\"async\" src=\"\/wp\/wp-content\/uploads\/2018\/02\/vorstand.jpg\" alt=\"text\" usemap=\"#Vorstand - Conseil directeur\" border=\"0\" width=\"434\" height=\"296\"><\/a><\/p>\n<p><!--\n\n<ul>\n\n<li>Elisabeth Paul, Vaalser Str. 467, 52074 Aachen, paulacATarcor.de, Tel: 02402-870215, mobil: 01578-1636354<\/li>\n\n\n\n<li>Dr. Willy Kuyitila, Heydenstr. 25, 52034 Herzogenrath, 024071053-0001ATt-online.de, Tel: 02407-1053<\/li>\n\n\n\n<li>Anne Kr&uuml;ger, Heydenstr. 25, 52034 Herzogenrath, 024071053-0001ATt-onlne.de, Tel: 02407-1053<\/li>\n\n\n\n<li>Manfred Paul, Vaalser Str. 467, 52074 Aachen, paulacATarcor.de, Tel: 02402-870215, mob: 01578-1636367<\/li>\n\n\n\n<li>Lilian Schmidt, Wildbacher M&uuml;hle 39,52074 Aachen, schmidt_lilianATyahoo.com, Tel.:0241-4005602, mob: 01782879480<\/li>\n\n\n\n<li>Arnold Schunck, Hagenfeuer 87, B-4720 Kelmis, a.schunckATskynet.be, Tel: 0241-5791622, mob. 015774490753,<\/li>\n\n<\/ul>\n\n-->Bewegen Sie Ihre Maus \u00fcber die Gesichter auf dem Foto und Sie sehen die Namen der Mitglieder unseres Vorstands.<\/p>\n<div class=\"dotcadre\">Achtung:<\/div>\n<p> Diese Seite ist nicht mehr ganz aktuell und wird demn\u00e4chst ge\u00e4ndert!<br \/>Wir haben unseren Stipendiaten und Stipendiatinnen den unten stehenden Brief gesandt, um uns vorzustellen, und wir finden es eine gute Idee, Ihnen die M\u00f6glichkeit zu geben, ihn auch zu lesen:<\/p>\n<hr>\n<p>Liebe StipendiatInnen,<\/p>\n<p>Wir freuen uns total \u00fcber die M\u00f6glichkeit, endlich durch die M\u00f6glichkeit, die die Schule G.SCO.M uns bietet, zu kommunizieren. Wir hoffen, endlich ein Plattform zu haben, die uns erlauben wird, uns besser kennen zu lernen. In der heutigen Welt zirkuliert die Information und also das Wissen mit einer sehr gro\u00dfer Geschwindigkeit. Wir sollten davon profitieren, aber auch nicht vergessen aufzupassen das wir nicht Opfer des Missbrauchs werden, der dieses Ph\u00e4nomen vor allem hier in Europa begleitet.<br \/>Wir senden euch untenstehend einige aktuelle Bilder der Mitglieder des Vorstands von unserem Verein. Wenn ihr ein Bild vergr\u00f6\u00dfern wollt, klickt darauf. Au\u00dfer beim Foto von Frau Kr\u00fcger.<\/p>\n<div style=\"text-align:left;border:0px solid;float:left;margin:5px;height:400px;width:236\"><a href=\"\/wp\/wp-content\/uploads\/2018\/02\/2012-06-30_HebschDopp7.jpg\"><img decoding=\"async\" src=\"\/wp\/wp-content\/uploads\/2018\/02\/M_2012-06-30_HebschDopp7.jpg\" alt=\"\" title=\"\"><\/a><\/p>\n<p>Die Haare unserer Vorstandsvorsitzende Elisabeth Paul werden nach kongolesischer Art geflochten w\u00e4hrend einer Sponseringveranstaltung f\u00fcr eure Schulgelder in Aachen.<\/p><\/div>\n<div style=\"text-align:left;border:0px solid;float:left;margin:5px;height:400px;width:347\"><a href=\"\/wp\/wp-content\/uploads\/2018\/02\/Trommelkurs.jpg\"><img decoding=\"async\" src=\"\/wp\/wp-content\/uploads\/2018\/02\/M_Trommelkurs.jpg\" alt=\"\" title=\"\"><\/a><\/p>\n<p>Willy Kuyitila am Tag der offenen T\u00fcr in seiner Schule zum Thema Afrika.<br \/>Willy KUYITILA ist unser stellvertretender Vorsitzender. Er ist Lehrer an der selben Schule wie Manfred PAUL.<br \/>Vor einigen Jahren wollte er sein Geburtsland, die Dem.Rep. Kongo, dem Ehepaar Paul und seiner Frau, Anne KR\u00dcGER, vorstellen. W\u00e4hrend dieser Reise wurde die Idee geboren, einen Verein zu gr\u00fcnden, der Jugendliche im Kongo unterst\u00fctzt.<\/div>\n<div style=\"text-align:left;border:0px solid;float:left;margin:5px;height:400px;width:268\"><a href=\"\/wp\/wp-content\/uploads\/2018\/02\/ChampLegumes.jpg\"><img decoding=\"async\" src=\"\/wp\/wp-content\/uploads\/2018\/02\/M_ChampLegumes.jpg\" alt=\"\" title=\"\"><\/a><\/p>\n<p>Manfred Paul, der Ehemann von Elisabeth P., auf dem Gem\u00fcsefeld, welches er mit Jugendlichen betreibt, die als Fl\u00fcchtlinge nach Deutschland gekommen sind.<\/p><\/div>\n<div style=\"text-align:left;border:0px solid;float:left;margin:5px;height:400px;width:256\"><img decoding=\"async\" src=\"\/wp\/wp-content\/uploads\/2018\/02\/AnneKrueger_Klasse.jpg\" alt=\"\" title=\"\"><\/p>\n<p>Anne Kr\u00fcger auf einem Ausflug mit den Kindern der Klasse 1.<\/p><\/div>\n<\/p>\n<div style=\"text-align:left;border:0px solid;float:left;margin:5px;height:400px;width:223\"><a href=\"\/wp\/wp-content\/uploads\/2018\/02\/2012-06-30_HebschDopp6.jpg\"><img decoding=\"async\" src=\"\/wp\/wp-content\/uploads\/2018\/02\/M_2012-06-30_HebschDopp6.jpg\" alt=\"\" title=\"\"><\/a><\/p>\n<p>Arnold Schunck hat unsere Website entworfen und er pflegt sie auch. Au\u00dferdem macht er viele der \u00dcbersetzungen Deutsch-Franz\u00f6sisch f\u00fcr unseren Verein. Er unterh\u00e4lt sich mit einer Kongolesin au cours de cette activit\u00e9 caritative de l\u2019association.<\/p><\/div>\n","protected":false},"excerpt":{"rendered":"<p> <a class=\"continue-reading-link\" href=\"http:\/\/www.prokongoyalobi.de\/wp\/de\/der-verein\/vorstand\/\">Weiter \u2013 Continuez<\/a><\/p>\n","protected":false},"author":1,"featured_media":0,"parent":130,"menu_order":2,"comment_status":"closed","ping_status":"closed","template":"","meta":{"footnotes":""},"class_list":["post-145","page","type-page","status-publish","hentry"],"_links":{"self":[{"href":"http:\/\/www.prokongoyalobi.de\/wp\/wp-json\/wp\/v2\/pages\/145","targetHints":{"allow":["GET"]}}],"collection":[{"href":"http:\/\/www.prokongoyalobi.de\/wp\/wp-json\/wp\/v2\/pages"}],"about":[{"href":"http:\/\/www.prokongoyalobi.de\/wp\/wp-json\/wp\/v2\/types\/page"}],"author":[{"embeddable":true,"href":"http:\/\/www.prokongoyalobi.de\/wp\/wp-json\/wp\/v2\/users\/1"}],"replies":[{"embeddable":true,"href":"http:\/\/www.prokongoyalobi.de\/wp\/wp-json\/wp\/v2\/comments?post=145"}],"version-history":[{"count":4,"href":"http:\/\/www.prokongoyalobi.de\/wp\/wp-json\/wp\/v2\/pages\/145\/revisions"}],"predecessor-version":[{"id":1805,"href":"http:\/\/www.prokongoyalobi.de\/wp\/wp-json\/wp\/v2\/pages\/145\/revisions\/1805"}],"up":[{"embeddable":true,"href":"http:\/\/www.prokongoyalobi.de\/wp\/wp-json\/wp\/v2\/pages\/130"}],"wp:attachment":[{"href":"http:\/\/www.prokongoyalobi.de\/wp\/wp-json\/wp\/v2\/media?parent=145"}],"curies":[{"name":"wp","href":"https:\/\/api.w.org\/{rel}","templated":true}]}}

<p><a href="javascript:history.back()"><img decoding="async" src="/wp/wp-content/uploads/2018/02/bouton_backD.gif" alt="Zurück"></a></p>
<map name="Vorstand - Conseil directeur">
<area shape="circle" coords="90,94,20" href="#bild" alt="Elisabeth Paul" title="Elisabeth Paul">
<area shape="circle" coords="145,75,20" href="#bild" alt=">Dr. Willy Kuyitila&#8220; title=&#8220;Dr. Willy Kuyitila&#8220;></p>
<area shape="circle" coords="185,72,20" href="#bild" alt="Anne Krüger" title="Anne Krüger">
<area shape="circle" coords="248,66,20" href="#bild" alt="Manfred Paul" title="Manfred Paul">
<area shape="circle" coords="323,70,20" href="backend/" alt="Arnold Schunck" title="Arnold Schunck">
<area shape="circle" coords="374,63,20" href="#bild" alt="Lilian Schmidt" title="Lilian Schmidt"></map>
</p>
<p align="center"><a name="#bild"><img loading="lazy" decoding="async" src="/wp/wp-content/uploads/2018/02/vorstand.jpg" alt="text" usemap="#Vorstand - Conseil directeur" border="0" width="434" height="296"></a></p>
<p><!--

<ul>

<li>Elisabeth Paul, Vaalser Str. 467, 52074 Aachen, paulacATarcor.de, Tel: 02402-870215, mobil: 01578-1636354</li>



<li>Dr. Willy Kuyitila, Heydenstr. 25, 52034 Herzogenrath, 024071053-0001ATt-online.de, Tel: 02407-1053</li>



<li>Anne Kr&uuml;ger, Heydenstr. 25, 52034 Herzogenrath, 024071053-0001ATt-onlne.de, Tel: 02407-1053</li>



<li>Manfred Paul, Vaalser Str. 467, 52074 Aachen, paulacATarcor.de, Tel: 02402-870215, mob: 01578-1636367</li>



<li>Lilian Schmidt, Wildbacher M&uuml;hle 39,52074 Aachen, schmidt_lilianATyahoo.com, Tel.:0241-4005602, mob: 01782879480</li>



<li>Arnold Schunck, Hagenfeuer 87, B-4720 Kelmis, a.schunckATskynet.be, Tel: 0241-5791622, mob. 015774490753,</li>

</ul>

-->Bewegen Sie Ihre Maus über die Gesichter auf dem Foto und Sie sehen die Namen der Mitglieder unseres Vorstands.</p>
<div class="dotcadre">Achtung:</div>
<p> Diese Seite ist nicht mehr ganz aktuell und wird demnächst geändert!<br />Wir haben unseren Stipendiaten und Stipendiatinnen den unten stehenden Brief gesandt, um uns vorzustellen, und wir finden es eine gute Idee, Ihnen die Möglichkeit zu geben, ihn auch zu lesen:</p>
<hr>
<p>Liebe StipendiatInnen,</p>
<p>Wir freuen uns total über die Möglichkeit, endlich durch die Möglichkeit, die die Schule G.SCO.M uns bietet, zu kommunizieren. Wir hoffen, endlich ein Plattform zu haben, die uns erlauben wird, uns besser kennen zu lernen. In der heutigen Welt zirkuliert die Information und also das Wissen mit einer sehr großer Geschwindigkeit. Wir sollten davon profitieren, aber auch nicht vergessen aufzupassen das wir nicht Opfer des Missbrauchs werden, der dieses Phänomen vor allem hier in Europa begleitet.<br />Wir senden euch untenstehend einige aktuelle Bilder der Mitglieder des Vorstands von unserem Verein. Wenn ihr ein Bild vergrößern wollt, klickt darauf. Außer beim Foto von Frau Krüger.</p>
<div style="text-align:left;border:0px solid;float:left;margin:5px;height:400px;width:236"><a href="/wp/wp-content/uploads/2018/02/2012-06-30_HebschDopp7.jpg"><img decoding="async" src="/wp/wp-content/uploads/2018/02/M_2012-06-30_HebschDopp7.jpg" alt="" title=""></a></p>
<p>Die Haare unserer Vorstandsvorsitzende Elisabeth Paul werden nach kongolesischer Art geflochten während einer Sponseringveranstaltung für eure Schulgelder in Aachen.</p></div>
<div style="text-align:left;border:0px solid;float:left;margin:5px;height:400px;width:347"><a href="/wp/wp-content/uploads/2018/02/Trommelkurs.jpg"><img decoding="async" src="/wp/wp-content/uploads/2018/02/M_Trommelkurs.jpg" alt="" title=""></a></p>
<p>Willy Kuyitila am Tag der offenen Tür in seiner Schule zum Thema Afrika.<br />Willy KUYITILA ist unser stellvertretender Vorsitzender. Er ist Lehrer an der selben Schule wie Manfred PAUL.<br />Vor einigen Jahren wollte er sein Geburtsland, die Dem.Rep. Kongo, dem Ehepaar Paul und seiner Frau, Anne KRÜGER, vorstellen. Während dieser Reise wurde die Idee geboren, einen Verein zu gründen, der Jugendliche im Kongo unterstützt.</div>
<div style="text-align:left;border:0px solid;float:left;margin:5px;height:400px;width:268"><a href="/wp/wp-content/uploads/2018/02/ChampLegumes.jpg"><img decoding="async" src="/wp/wp-content/uploads/2018/02/M_ChampLegumes.jpg" alt="" title=""></a></p>
<p>Manfred Paul, der Ehemann von Elisabeth P., auf dem Gemüsefeld, welches er mit Jugendlichen betreibt, die als Flüchtlinge nach Deutschland gekommen sind.</p></div>
<div style="text-align:left;border:0px solid;float:left;margin:5px;height:400px;width:256"><img decoding="async" src="/wp/wp-content/uploads/2018/02/AnneKrueger_Klasse.jpg" alt="" title=""></p>
<p>Anne Krüger auf einem Ausflug mit den Kindern der Klasse 1.</p></div>
</p>
<div style="text-align:left;border:0px solid;float:left;margin:5px;height:400px;width:223"><a href="/wp/wp-content/uploads/2018/02/2012-06-30_HebschDopp6.jpg"><img decoding="async" src="/wp/wp-content/uploads/2018/02/M_2012-06-30_HebschDopp6.jpg" alt="" title=""></a></p>
<p>Arnold Schunck hat unsere Website entworfen und er pflegt sie auch. Außerdem macht er viele der Übersetzungen Deutsch-Französisch für unseren Verein. Er unterhält sich mit einer Kongolesin au cours de cette activité caritative de l’association.</p></div>
